) = i(x) + 6*j(x). Let s be t(-5). What is the units digit of s/(-10) - (-3)/(-15)?
5
Let x = 6 + 2. What is the units digit of x?
8
Let g(z) = 7*z - 24. What is the units digit of g(7)?
5
Let b(q) = -q**3 - 7*q**2 - 10*q - 9. Let m be -1*9/(-3) - 1. Suppose -18 = m*c + 2*i, -7*c + 5*i - 3 = -4*c. What is the units digit of b(c)?
5
Let i(f) be the second derivative of f**4/12 - 2*f**3/3 + 3*f**2/2 + 2*f. Let d be i(3). What is the units digit of (d - 1)*2 + 5?
3
Let g(w) = w**2 + 7*w - 6. Let b be g(-8). Suppose -b*o + o = -14. What is the units digit of o?
4
Let y = 68 - 38. What is the units digit of y?
0
Let k(c) = -c**3 + 5*c**2 + 6*c - 4. What is the units digit of k(4)?
6
Suppose 0*y = -2*y + 114. What is the tens digit of y?
5
Suppose -180 = 12*d - 552. Suppose -i - 21 = -2*i. Let u = d - i. What is the tens digit of u?
1
Let f(v) = v - 4. What is the units digit of f(16)?
2
Let r = 21 + -37. Let q = r - -17. What is the units digit of q?
1
Suppose 3*t = -t. Suppose -3*j = -2*j - 2. Suppose t*h + h + 4*w - 10 = 0, -j*h + 5*w = -7. What is the units digit of h?
6
Suppose -2*t - 1 = 3, 2*h - 28 = 5*t. Let s(o) = -3 - 2 - 2*o + h. What is the tens digit of s(-5)?
1
Suppose -769 = -3*w - 3*g + 2*g, -1315 = -5*w + 5*g. What is the hundreds digit of w?
2
Let h(c) be the first derivative of 3/2*c**2 + 1/4*c**4 - 1 + 2*c**3 + 2*c. What is the tens digit of h(-5)?
1
Let v = 8 - 6. Suppose -c + 1 = -v*r - 0*c, 0 = -5*r - 2*c + 20. Suppose 0 = a - 8 - r. What is the tens digit of a?
1
Let r = 3 + -3. What is the units digit of ((-1 - r) + 4)*1?
3
Suppose 0*g = 3*g - 12. What is the tens digit of ((-4)/(-6))/(g/72)?
1
What is the units digit of (4*-1 - -1)*388/(-3)?
8
Let k be 34/(-4) + 2/(-4). Let m be k/(-6)*(0 - -10). Suppose 5*g - 15 - m = 0. What is the units digit of g?
6
Suppose -408 = -j - 3*j. What is the tens digit of j?
0
Let y = -8 + 13. Let n = -3 + y. What is the units digit of n?
2
Let x(j) be the third derivative of -j**6/120 + j**5/12 - 2*j**3/3 + j**2. Let r be x(4). Suppose -k + r = 5*d, -5 - 4 = 3*k. What is the units digit of d?
3
Suppose -5*z + 10 = -3*y + 2*y, -4*y + 29 = 3*z. Suppose -y*v + 5 = -90. What is the tens digit of v?
1
Let m(c) = 2*c - 7. Let r be m(5). Suppose -4*h + 108 = 3*f - f, 86 = r*h - f. What is the units digit of h?
8
Let q(c) = -c**2 + 19*c - 35. What is the units digit of q(11)?
3
Let q be (-12)/(5/((-120)/9)). Suppose 0 = 2*r - o - 75, 3*o + q = 2*r - 41. Let a = r - 16. What is the tens digit of a?
2
Suppose 0 = b - v + 26 - 1, 3*v - 6 = 0. Let a = -8 - b. What is the units digit of a?
5
Let j = 20 + 32. What is the units digit of j?
2
Suppose 6 = -f - 0*f + 4*l, 0 = -5*f - l - 9. What is the units digit of (-14)/f + 3 + -3?
7
Suppose 0*f - f - q + 16 = 0, -2*f + 2*q + 40 = 0. Suppose -3*y + f = -y. Suppose j + 3 = 2*j + k, 3*k + y = 0. What is the units digit of j?
6
Suppose -t + 137 = 5*w + 2*t, 4*w = 5*t + 117. What is the units digit of w?
8
Suppose 4*s - 6 = 5*f, -4*f + s = 6 + 1. Let b be (2 + 0 + 2)/1. Let v = b - f. What is the units digit of v?
6
Let h = 13 - 19. Let x be (h - -6)*2/4. Suppose 0 = -x*c + 3*c - 30. What is the units digit of c?
0
Let x(u) = 19*u - 54. What is the hundreds digit of x(15)?
2
What is the tens digit of 39 - (8/(-2) - -3)?
4
Let g(i) = i**2 + 7. Suppose 10 = 3*b + y, b - 22 = 5*y - 8. Suppose 0*a = -b*a. What is the units digit of g(a)?
7
Suppose 6*u = 3*u - 3*r + 465, 5*r + 143 = u. What is the tens digit of u?
5
Let t(b) = -2*b**3 + 4*b - 3. Let r be t(2). Let o = r - -15. What is the units digit of o?
4
Let x = -41 + 121. What is the units digit of x?
0
Suppose 4 = -l + 14. Suppose 95 = 5*c - l. What is the units digit of c?
1
Suppose 1 = 2*c - 7. Let f(l) = -l**2 + 5*l - 5. Let w be f(c). Let v(s) = -9*s + 1. What is the units digit of v(w)?
0
Let l = -44 + 79. What is the tens digit of l?
3
Suppose 0 = -4*l - 3 - 29. Let d(i) = -i**3 - 8*i**2 - 2*i - 5. What is the units digit of d(l)?
1
Let q = -20 + 49. What is the units digit of q?
9
Suppose j - 37 = 6. Let w = j - 26. Suppose 4*n - 4*l - w = -1, -5*l + 1 = -2*n. What is the units digit of n?
7
Suppose 0 = 3*p - 0 - 6. Let u be ((-9)/p)/(3/(-4)). Let q(b) = b**3 - 6*b**2 + 2*b + 1. What is the units digit of q(u)?
3
Let h(w) = 3*w**3 - w**2 + 2*w - 1. Let d be h(1). Let l(b) = 2*b**2 - d*b**3 + 2*b - 4 - 4*b**2 - 3*b**2 + 4*b**3. What is the units digit of l(5)?
6
Let r(y) = -y**3 - 6*y**2 + 6*y - 8. Let d be r(-7). Let i be d - (-27)/(-3)*1. Let w = i + 19. What is the units digit of w?
9
Suppose -232 = -5*j + 303. What is the tens digit of j?
0
Let z(g) = -217*g**3 - 3*g**2 + 1. What is the tens digit of z(-1)?
1
Suppose 2*g = 8*g - 84. What is the tens digit of g?
1
Let s be (-12)/10*1050/(-20). Let p = s - 26. What is the tens digit of p?
3
Let d(j) = -76*j**3 + j**2 - 1. What is the units digit of d(-1)?
6
Suppose 260 = 5*c - 225. What is the units digit of c?
7
Suppose 0 = 2*f - f. Suppose -4*s + 72 = 4*q, -5*s + 3*q + 33 + 57 = f. What is the units digit of s?
8
Suppose 0 = 3*r - 2*r + 1, -5*r = -5*d - 30. What is the units digit of d/(-35) + 88/10?
9
Let h = -7 + 4. Let g be -3 + (0 - (-6 - h)). Suppose 2*c + 3*c - 2*z - 27 = 0, 2*c + 5*z - 5 = g. What is the units digit of c?
5
Suppose 8*s - 62 = 7*s. What is the tens digit of s?
6
Suppose 0 = -3*u + 3, 5*u - 2 = -4*y + 15. Suppose 25 = 3*k - 4*a - 21, -31 = -2*k + y*a. What is the tens digit of k?
1
Let b be 5/(3/21 + 0). Suppose 5 = -5*v + 3*g - 4, -3*g + 9 = 4*v. Suppose 5*t - 10 - b = v. What is the units digit of t?
9
What is the units digit of 184/6 - (-4)/12?
1
Suppose 0 = -3*i - 0 + 6. Suppose -i*a = a - 39. What is the units digit of a?
3
Suppose 0 = -4*k + 3*b - 721, 3*k = -3*b - 0*b - 567. Let t be 4/(-14) - k/7. Let c = 39 - t. What is the units digit of c?
3
Let x be (-2)/(4/(-59))*2. Let w = x + -38. What is the units digit of w?
1
Let s = -196 - -479. What is the tens digit of s?
8
Let m be 2*2*(-9)/(-12). Suppose -3*s + m*q + 54 = 0, 4*s = -s - q + 108. What is the units digit of s?
1
Suppose 4*q - 9*q + 35 = 0. What is the units digit of q?
7
Let s(i) = i**3 + 5*i**2 - 4*i + 1. What is the units digit of s(-5)?
1
Let x be ((-4)/3)/(1/(-3)). Let b(c) = -5*c**2 + 6*c - 9. Let r(l) = 6*l**2 - 6*l + 10. Let j(t) = 5*b(t) + 4*r(t). What is the units digit of j(x)?
3
Suppose -3*j + 0*j = -4*u + 10, 3*j - 22 = -4*u. Suppose -h + 20 = u*p, -2*p - 10 = -4*p - 3*h. Suppose -p*v = -36 - 9. What is the units digit of v?
9
Suppose -t + 0*t = 2*v - 14, 3*v - 5*t + 5 = 0. Suppose 0 = -2*u - v*n + 5, -3*u + 0*u + 3*n = -60. What is the units digit of u?
5
Suppose -2*i = 3*i - 10. Suppose -i*a - 4 = -r, -2*a + 4 = r - 3*a. Suppose 5*z = v + 9, -r*v + 3*z + 4 + 11 = 0. What is the units digit of v?
6
Suppose 3*h - 2*o + 22 = h, h = 3*o - 13. Let i(a) = -a - 7. What is the units digit of i(h)?
3
Let s be 4/12 - (-7)/(-3). Let x(d) = -3*d**3 - 2*d**2 - d - 2. What is the tens digit of x(s)?
1
Let y be (-2 + 35 + 1)*1. Let z = y + -21. What is the units digit of z?
3
Suppose -41*s = -42*s + 1. Suppose -5 = 2*w - 1. What is the units digit of s*-55*w/5?
2
Let k(r) = -r**2 - 3*r. Let v(i) = 4*i**2 + 8*i + 1. Let a(p) = 7*k(p) + 2*v(p). What is the units digit of a(6)?
8
Let d(g) = 4*g**2 - 2*g + 1. Let o be d(1). Let z(w) = 3*w + 2. What is the units digit of z(o)?
1
Suppose -6*g + 317 = 113. What is the tens digit of g?
3
Suppose -2*t + 2*i + 26 = 0, 5*t - 2*t = -5*i + 47. What is the tens digit of t?
1
Let j = 9 + 27. What is the tens digit of j?
3
Suppose -11 = 3*g + 4*c, c - 3*c = 4. Let j = 2 - g. Suppose 0 = -j*m + 6. What is the units digit of m?
2
Let z = -42 - -28. What is the units digit of (1*2)/(z/(-105))?
5
Let q(i) = -9*i - 2. Let u(r) = r - 4. Let w be u(3). Let p = w - 1. What is the tens digit of q(p)?
1
Suppose 0*f - 4*f + 4 = 0. Let g = 5 - f. What is the units digit of g?
4
Suppose 5*g + 65 = r, -4*r + 71 = -4*g - 109. Let i = r - 21. Suppose 2*y = y + i. What is the tens digit of y?
1
Suppose 5*k - 109 = -2*f, -5*f = -0*k + 3*k - 263. What is the units digit of f?
2
Let j be (7 - 4)/(6/(-20)). Let i(r) be the second derivative of -r**4/12 - 3*r**3/2 + 11*r**2/2 + r. What is the units digit of i(j)?
1
What is the units digit of 